{"id":65,"date":"2019-07-28T08:28:53","date_gmt":"2019-07-28T08:28:53","guid":{"rendered":"https:\/\/jupiterx.artbees.net\/magazine\/?page_id=65"},"modified":"2024-12-18T18:01:58","modified_gmt":"2024-12-18T18:01:58","slug":"entradas","status":"publish","type":"page","link":"https:\/\/cosechamundial.org\/agenda\/index.php\/entradas\/","title":{"rendered":"ENTRADAS"},"content":{"rendered":"\t\t<div data-elementor-type=\"wp-post\" data-elementor-id=\"65\" class=\"elementor elementor-65\">\n\t\t\t\t\t\t<section class=\"elementor-section elementor-top-section elementor-element elementor-element-af9dcde elementor-section-boxed elementor-section-height-default elementor-section-height-default\" data-id=\"af9dcde\" data-element_type=\"section\">\n\t\t\t\t\t\t<div class=\"elementor-container elementor-column-gap-no\">\n\t\t\t\t\t<div class=\"elementor-column elementor-col-100 elementor-top-column elementor-element elementor-element-ac513f1\" data-id=\"ac513f1\" data-element_type=\"column\">\n\t\t\t<div class=\"elementor-widget-wrap elementor-element-populated\">\n\t\t\t\t\t\t<div class=\"elementor-element elementor-element-f2f560b elementor-widget elementor-widget-raven-posts\" data-id=\"f2f560b\" data-element_type=\"widget\" data-settings=\"{&quot;classic_columns&quot;:&quot;1&quot;,&quot;classic_show_pagination&quot;:&quot;yes&quot;,&quot;classic_columns_tablet&quot;:&quot;1&quot;,&quot;_skin&quot;:&quot;classic&quot;,&quot;classic_layout&quot;:&quot;grid&quot;,&quot;classic_columns_mobile&quot;:&quot;1&quot;,&quot;query_posts_per_page&quot;:6,&quot;classic_pagination_type&quot;:&quot;page_based&quot;,&quot;query_offset&quot;:0}\" data-widget_type=\"raven-posts.classic\">\n\t\t\t\t<div class=\"elementor-widget-container\">\n\t\t\t\t\t\t\t<div class=\"raven-posts raven-grid raven-grid-1 raven-grid-mobile-1 raven-grid-tablet-1\" data-post-id=\"65\" data-archive-query=\"\" data-lang=\"\">\n\t\t\t\t<div class=\"raven-grid-item raven-post-item post-1603 post type-post status-publish format-standard has-post-thumbnail hentry category-enero\">\n\t\t\t<div class=\"raven-post raven-post-inline raven-post-inline-left\">\n\t\t\t\t\t\t<div class=\"raven-post-image-wrap\">\n\t\t\t<a class=\"raven-post-image raven-image-fit\" href=\"https:\/\/cosechamundial.org\/agenda\/index.php\/2025\/01\/01\/mi-gps-2025-siendo-un-buen-observador\/\"><img fetchpriority=\"high\" decoding=\"async\" width=\"300\" height=\"600\" src=\"https:\/\/cosechamundial.org\/agenda\/wp-content\/uploads\/2025\/01\/anuncio-web-300x600-1.jpg\" class=\"attachment-full size-full wp-image-1609\" alt=\"\" srcset=\"https:\/\/cosechamundial.org\/agenda\/wp-content\/uploads\/2025\/01\/anuncio-web-300x600-1.jpg 300w, https:\/\/cosechamundial.org\/agenda\/wp-content\/uploads\/2025\/01\/anuncio-web-300x600-1-150x300.jpg 150w\" sizes=\"(max-width: 300px) 100vw, 300px\" \/> <span class=\"raven-post-image-overlay\"><\/span><\/a>\t\t<\/div>\n\t\t\t\t\t\t<div class=\"raven-post-content\">\n\t\t\t\t\t\t\t<div class=\"raven-post-meta\"><a class=\"raven-post-meta-item raven-post-date\" href=\"https:\/\/cosechamundial.org\/agenda\/index.php\/2025\/01\/\" rel=\"bookmark\">1 de enero de 2025<\/a>\n<span class=\"raven-post-meta-divider\">\/<\/span>\n<a class=\"raven-post-meta-item raven-post-author\" href=\"https:\/\/cosechamundial.org\/agenda\/index.php\/author\/designcosechamundial-org\/\">design@cosechamundial.org<\/a>\n<span class=\"raven-post-meta-divider\">\/<\/span>\n<span class=\"raven-post-meta-item raven-post-categories\"><a href=\"https:\/\/cosechamundial.org\/agenda\/index.php\/category\/enero\/\" rel=\"tag\">ENERO<\/a><\/span><\/div>\n\t\t<h3 class=\"raven-post-title\"><a class=\"raven-post-title-link\" href=\"https:\/\/cosechamundial.org\/agenda\/index.php\/2025\/01\/01\/mi-gps-2025-siendo-un-buen-observador\/\">Mi gps 2025 &#8211; Siendo un buen observador<\/a><\/h3><div class=\"raven-post-excerpt\"><\/div>\t\t\t\t<\/div>\n\t\t\t<\/div>\n\t\t<\/div>\n\t\t\t\t<div class=\"raven-grid-item raven-post-item post-1601 post type-post status-publish format-standard has-post-thumbnail hentry category-enero\">\n\t\t\t<div class=\"raven-post raven-post-inline raven-post-inline-left\">\n\t\t\t\t\t\t<div class=\"raven-post-image-wrap\">\n\t\t\t<a class=\"raven-post-image raven-image-fit\" href=\"https:\/\/cosechamundial.org\/agenda\/index.php\/2025\/01\/01\/mi-gps-2025-equilibrio-y-proposito-en-cada-dia-exito\/\"><img fetchpriority=\"high\" decoding=\"async\" width=\"300\" height=\"600\" src=\"https:\/\/cosechamundial.org\/agenda\/wp-content\/uploads\/2025\/01\/anuncio-web-300x600-1.jpg\" class=\"attachment-full size-full wp-image-1609\" alt=\"\" srcset=\"https:\/\/cosechamundial.org\/agenda\/wp-content\/uploads\/2025\/01\/anuncio-web-300x600-1.jpg 300w, https:\/\/cosechamundial.org\/agenda\/wp-content\/uploads\/2025\/01\/anuncio-web-300x600-1-150x300.jpg 150w\" sizes=\"(max-width: 300px) 100vw, 300px\" \/> <span class=\"raven-post-image-overlay\"><\/span><\/a>\t\t<\/div>\n\t\t\t\t\t\t<div class=\"raven-post-content\">\n\t\t\t\t\t\t\t<div class=\"raven-post-meta\"><a class=\"raven-post-meta-item raven-post-date\" href=\"https:\/\/cosechamundial.org\/agenda\/index.php\/2025\/01\/\" rel=\"bookmark\">1 de enero de 2025<\/a>\n<span class=\"raven-post-meta-divider\">\/<\/span>\n<a class=\"raven-post-meta-item raven-post-author\" href=\"https:\/\/cosechamundial.org\/agenda\/index.php\/author\/designcosechamundial-org\/\">design@cosechamundial.org<\/a>\n<span class=\"raven-post-meta-divider\">\/<\/span>\n<span class=\"raven-post-meta-item raven-post-categories\"><a href=\"https:\/\/cosechamundial.org\/agenda\/index.php\/category\/enero\/\" rel=\"tag\">ENERO<\/a><\/span><\/div>\n\t\t<h3 class=\"raven-post-title\"><a class=\"raven-post-title-link\" href=\"https:\/\/cosechamundial.org\/agenda\/index.php\/2025\/01\/01\/mi-gps-2025-equilibrio-y-proposito-en-cada-dia-exito\/\">Mi gps 2025 &#8211; Equilibrio y proposito en cada d\u00eda &#8211; Exito.<\/a><\/h3><div class=\"raven-post-excerpt\"><\/div>\t\t\t\t<\/div>\n\t\t\t<\/div>\n\t\t<\/div>\n\t\t\t\t<div class=\"raven-grid-item raven-post-item post-1607 post type-post status-publish format-standard has-post-thumbnail hentry category-enero\">\n\t\t\t<div class=\"raven-post raven-post-inline raven-post-inline-left\">\n\t\t\t\t\t\t<div class=\"raven-post-image-wrap\">\n\t\t\t<a class=\"raven-post-image raven-image-fit\" href=\"https:\/\/cosechamundial.org\/agenda\/index.php\/2025\/01\/01\/mi-gps-2025-equilibrio-y-proposito-en-cada-dia-estableciendo-una-vision-personal\/\"><img fetchpriority=\"high\" decoding=\"async\" width=\"300\" height=\"600\" src=\"https:\/\/cosechamundial.org\/agenda\/wp-content\/uploads\/2025\/01\/anuncio-web-300x600-1.jpg\" class=\"attachment-full size-full wp-image-1609\" alt=\"\" srcset=\"https:\/\/cosechamundial.org\/agenda\/wp-content\/uploads\/2025\/01\/anuncio-web-300x600-1.jpg 300w, https:\/\/cosechamundial.org\/agenda\/wp-content\/uploads\/2025\/01\/anuncio-web-300x600-1-150x300.jpg 150w\" sizes=\"(max-width: 300px) 100vw, 300px\" \/> <span class=\"raven-post-image-overlay\"><\/span><\/a>\t\t<\/div>\n\t\t\t\t\t\t<div class=\"raven-post-content\">\n\t\t\t\t\t\t\t<div class=\"raven-post-meta\"><a class=\"raven-post-meta-item raven-post-date\" href=\"https:\/\/cosechamundial.org\/agenda\/index.php\/2025\/01\/\" rel=\"bookmark\">1 de enero de 2025<\/a>\n<span class=\"raven-post-meta-divider\">\/<\/span>\n<a class=\"raven-post-meta-item raven-post-author\" href=\"https:\/\/cosechamundial.org\/agenda\/index.php\/author\/designcosechamundial-org\/\">design@cosechamundial.org<\/a>\n<span class=\"raven-post-meta-divider\">\/<\/span>\n<span class=\"raven-post-meta-item raven-post-categories\"><a href=\"https:\/\/cosechamundial.org\/agenda\/index.php\/category\/enero\/\" rel=\"tag\">ENERO<\/a><\/span><\/div>\n\t\t<h3 class=\"raven-post-title\"><a class=\"raven-post-title-link\" href=\"https:\/\/cosechamundial.org\/agenda\/index.php\/2025\/01\/01\/mi-gps-2025-equilibrio-y-proposito-en-cada-dia-estableciendo-una-vision-personal\/\">Mi gps 2025 &#8211; Equilibrio y prop\u00f3sito en cada d\u00eda &#8211; Estableciendo una visi\u00f3n Personal.<\/a><\/h3><div class=\"raven-post-excerpt\"><\/div>\t\t\t\t<\/div>\n\t\t\t<\/div>\n\t\t<\/div>\n\t\t\t\t<div class=\"raven-grid-item raven-post-item post-1599 post type-post status-publish format-standard has-post-thumbnail hentry category-enero\">\n\t\t\t<div class=\"raven-post raven-post-inline raven-post-inline-left\">\n\t\t\t\t\t\t<div class=\"raven-post-image-wrap\">\n\t\t\t<a class=\"raven-post-image raven-image-fit\" href=\"https:\/\/cosechamundial.org\/agenda\/index.php\/2025\/01\/01\/mi-gps-2025-equilibrio-y-proposito-en-cada-dia\/\"><img fetchpriority=\"high\" decoding=\"async\" width=\"300\" height=\"600\" src=\"https:\/\/cosechamundial.org\/agenda\/wp-content\/uploads\/2025\/01\/anuncio-web-300x600-1.jpg\" class=\"attachment-full size-full wp-image-1609\" alt=\"\" srcset=\"https:\/\/cosechamundial.org\/agenda\/wp-content\/uploads\/2025\/01\/anuncio-web-300x600-1.jpg 300w, https:\/\/cosechamundial.org\/agenda\/wp-content\/uploads\/2025\/01\/anuncio-web-300x600-1-150x300.jpg 150w\" sizes=\"(max-width: 300px) 100vw, 300px\" \/> <span class=\"raven-post-image-overlay\"><\/span><\/a>\t\t<\/div>\n\t\t\t\t\t\t<div class=\"raven-post-content\">\n\t\t\t\t\t\t\t<div class=\"raven-post-meta\"><a class=\"raven-post-meta-item raven-post-date\" href=\"https:\/\/cosechamundial.org\/agenda\/index.php\/2025\/01\/\" rel=\"bookmark\">1 de enero de 2025<\/a>\n<span class=\"raven-post-meta-divider\">\/<\/span>\n<a class=\"raven-post-meta-item raven-post-author\" href=\"https:\/\/cosechamundial.org\/agenda\/index.php\/author\/designcosechamundial-org\/\">design@cosechamundial.org<\/a>\n<span class=\"raven-post-meta-divider\">\/<\/span>\n<span class=\"raven-post-meta-item raven-post-categories\"><a href=\"https:\/\/cosechamundial.org\/agenda\/index.php\/category\/enero\/\" rel=\"tag\">ENERO<\/a><\/span><\/div>\n\t\t<h3 class=\"raven-post-title\"><a class=\"raven-post-title-link\" href=\"https:\/\/cosechamundial.org\/agenda\/index.php\/2025\/01\/01\/mi-gps-2025-equilibrio-y-proposito-en-cada-dia\/\">Mi gps 2025 &#8211; Equilibrio y proposito en cada d\u00eda.<\/a><\/h3><div class=\"raven-post-excerpt\"><\/div>\t\t\t\t<\/div>\n\t\t\t<\/div>\n\t\t<\/div>\n\t\t\t\t<div class=\"raven-grid-item raven-post-item post-1605 post type-post status-publish format-standard has-post-thumbnail hentry category-enero\">\n\t\t\t<div class=\"raven-post raven-post-inline raven-post-inline-left\">\n\t\t\t\t\t\t<div class=\"raven-post-image-wrap\">\n\t\t\t<a class=\"raven-post-image raven-image-fit\" href=\"https:\/\/cosechamundial.org\/agenda\/index.php\/2025\/01\/01\/mi-gps-2025-equilibro-y-proposito-en-cada-dia-una-vision-personal\/\"><img fetchpriority=\"high\" decoding=\"async\" width=\"300\" height=\"600\" src=\"https:\/\/cosechamundial.org\/agenda\/wp-content\/uploads\/2025\/01\/anuncio-web-300x600-1.jpg\" class=\"attachment-full size-full wp-image-1609\" alt=\"\" srcset=\"https:\/\/cosechamundial.org\/agenda\/wp-content\/uploads\/2025\/01\/anuncio-web-300x600-1.jpg 300w, https:\/\/cosechamundial.org\/agenda\/wp-content\/uploads\/2025\/01\/anuncio-web-300x600-1-150x300.jpg 150w\" sizes=\"(max-width: 300px) 100vw, 300px\" \/> <span class=\"raven-post-image-overlay\"><\/span><\/a>\t\t<\/div>\n\t\t\t\t\t\t<div class=\"raven-post-content\">\n\t\t\t\t\t\t\t<div class=\"raven-post-meta\"><a class=\"raven-post-meta-item raven-post-date\" href=\"https:\/\/cosechamundial.org\/agenda\/index.php\/2025\/01\/\" rel=\"bookmark\">1 de enero de 2025<\/a>\n<span class=\"raven-post-meta-divider\">\/<\/span>\n<a class=\"raven-post-meta-item raven-post-author\" href=\"https:\/\/cosechamundial.org\/agenda\/index.php\/author\/designcosechamundial-org\/\">design@cosechamundial.org<\/a>\n<span class=\"raven-post-meta-divider\">\/<\/span>\n<span class=\"raven-post-meta-item raven-post-categories\"><a href=\"https:\/\/cosechamundial.org\/agenda\/index.php\/category\/enero\/\" rel=\"tag\">ENERO<\/a><\/span><\/div>\n\t\t<h3 class=\"raven-post-title\"><a class=\"raven-post-title-link\" href=\"https:\/\/cosechamundial.org\/agenda\/index.php\/2025\/01\/01\/mi-gps-2025-equilibro-y-proposito-en-cada-dia-una-vision-personal\/\">Mi gps 2025  &#8211; Equilibro y proposito en cada d\u00eda &#8211;  Una visi\u00f3n personal.<\/a><\/h3><div class=\"raven-post-excerpt\"><\/div>\t\t\t\t<\/div>\n\t\t\t<\/div>\n\t\t<\/div>\n\t\t\t\t<div class=\"raven-grid-item raven-post-item post-1587 post type-post status-publish format-standard has-post-thumbnail hentry category-diciembre\">\n\t\t\t<div class=\"raven-post raven-post-inline raven-post-inline-left\">\n\t\t\t\t\t\t<div class=\"raven-post-image-wrap\">\n\t\t\t<a class=\"raven-post-image raven-image-fit\" href=\"https:\/\/cosechamundial.org\/agenda\/index.php\/2024\/12\/01\/mi-gps-2024-diciembre-abundando-en-esperanza-reinando-desde-una-clara-vision-del-futuro\/\"><img decoding=\"async\" width=\"1020\" height=\"1447\" src=\"https:\/\/cosechamundial.org\/agenda\/wp-content\/uploads\/2024\/12\/Agenda-2024-4-12-23-8.jpg\" class=\"attachment-full size-full wp-image-1588\" alt=\"\" srcset=\"https:\/\/cosechamundial.org\/agenda\/wp-content\/uploads\/2024\/12\/Agenda-2024-4-12-23-8.jpg 1020w, https:\/\/cosechamundial.org\/agenda\/wp-content\/uploads\/2024\/12\/Agenda-2024-4-12-23-8-211x300.jpg 211w, https:\/\/cosechamundial.org\/agenda\/wp-content\/uploads\/2024\/12\/Agenda-2024-4-12-23-8-722x1024.jpg 722w, https:\/\/cosechamundial.org\/agenda\/wp-content\/uploads\/2024\/12\/Agenda-2024-4-12-23-8-768x1090.jpg 768w\" sizes=\"(max-width: 1020px) 100vw, 1020px\" \/> <span class=\"raven-post-image-overlay\"><\/span><\/a>\t\t<\/div>\n\t\t\t\t\t\t<div class=\"raven-post-content\">\n\t\t\t\t\t\t\t<div class=\"raven-post-meta\"><a class=\"raven-post-meta-item raven-post-date\" href=\"https:\/\/cosechamundial.org\/agenda\/index.php\/2024\/12\/\" rel=\"bookmark\">1 de diciembre de 2024<\/a>\n<span class=\"raven-post-meta-divider\">\/<\/span>\n<a class=\"raven-post-meta-item raven-post-author\" href=\"https:\/\/cosechamundial.org\/agenda\/index.php\/author\/designcosechamundial-org\/\">design@cosechamundial.org<\/a>\n<span class=\"raven-post-meta-divider\">\/<\/span>\n<span class=\"raven-post-meta-item raven-post-categories\"><a href=\"https:\/\/cosechamundial.org\/agenda\/index.php\/category\/diciembre\/\" rel=\"tag\">Diciembre<\/a><\/span><\/div>\n\t\t<h3 class=\"raven-post-title\"><a class=\"raven-post-title-link\" href=\"https:\/\/cosechamundial.org\/agenda\/index.php\/2024\/12\/01\/mi-gps-2024-diciembre-abundando-en-esperanza-reinando-desde-una-clara-vision-del-futuro\/\">MI GPS 2024 &#8211; DICIEMBRE &#8211; Abundando en esperanza: Reinando desde una clara vision del futuro.<\/a><\/h3><div class=\"raven-post-excerpt\">\u00abAhora que Dios, la fuente de la esperanza, los llene de gozo incontenible y paz perfecta al confiar en \u00c9l. \u00a1Y que el poder del Esp\u00edritu Santo rodee continuamente su<\/div>\t\t\t\t<\/div>\n\t\t\t<\/div>\n\t\t<\/div>\n\t\t\t\t<\/div>\n\t\t\t\t<div class=\"raven-pagination\" data-settings=\"{&quot;posts_per_page&quot;:6,&quot;total_pages&quot;:10,&quot;pages_visible&quot;:7}\">\n\t\t\t<div class=\"raven-pagination-items\">\n\t\t\t\t<a class=\"raven-pagination-prev raven-pagination-item raven-pagination-disabled\" href=\"#\">&laquo;<\/a><a class=\"raven-pagination-num raven-pagination-item raven-pagination-active\" href=\"#\" data-page-num=\"1\">1<\/a><a class=\"raven-pagination-num raven-pagination-item\" href=\"#\" data-page-num=\"2\">2<\/a><a class=\"raven-pagination-num raven-pagination-item\" href=\"#\" data-page-num=\"3\">3<\/a><a class=\"raven-pagination-num raven-pagination-item\" href=\"#\" data-page-num=\"4\">4<\/a><a class=\"raven-pagination-num raven-pagination-item\" href=\"#\" data-page-num=\"5\">5<\/a><a class=\"raven-pagination-num raven-pagination-item\" href=\"#\" data-page-num=\"6\">6<\/a><a class=\"raven-pagination-num raven-pagination-item\" href=\"#\" data-page-num=\"7\">7<\/a><a class=\"raven-pagination-next raven-pagination-item\" href=\"#\">&raquo;<\/a>\t\t\t<\/div>\n\t\t<\/div>\n\t\t\t\t\t\t<\/div>\n\t\t\t\t<\/div>\n\t\t\t\t\t<\/div>\n\t\t<\/div>\n\t\t\t\t\t<\/div>\n\t\t<\/section>\n\t\t\t\t<\/div>\n\t\t","protected":false},"excerpt":{"rendered":"<p>1 de diciembre de 2024 \/ design@cosechamundial.org \/ Diciembre MI GPS 2024 &#8211; DICIEMBRE &#8211; Abundando en esperanza: Reinando desde una clara vision del futuro. \u00abAhora que Dios, la fuente de la esperanza, los llene de gozo incontenible y paz perfecta al confiar en \u00c9l. \u00a1Y que el poder del Esp\u00edritu Santo rodee continuamente su [&hellip;]<\/p>\n","protected":false},"author":1,"featured_media":0,"parent":0,"menu_order":0,"comment_status":"closed","ping_status":"closed","template":"full-width.php","meta":{"_acf_changed":false,"footnotes":""},"class_list":["post-65","page","type-page","status-publish","hentry"],"acf":[],"_links":{"self":[{"href":"https:\/\/cosechamundial.org\/agenda\/index.php\/wp-json\/wp\/v2\/pages\/65","targetHints":{"allow":["GET"]}}],"collection":[{"href":"https:\/\/cosechamundial.org\/agenda\/index.php\/wp-json\/wp\/v2\/pages"}],"about":[{"href":"https:\/\/cosechamundial.org\/agenda\/index.php\/wp-json\/wp\/v2\/types\/page"}],"author":[{"embeddable":true,"href":"https:\/\/cosechamundial.org\/agenda\/index.php\/wp-json\/wp\/v2\/users\/1"}],"replies":[{"embeddable":true,"href":"https:\/\/cosechamundial.org\/agenda\/index.php\/wp-json\/wp\/v2\/comments?post=65"}],"version-history":[{"count":11,"href":"https:\/\/cosechamundial.org\/agenda\/index.php\/wp-json\/wp\/v2\/pages\/65\/revisions"}],"predecessor-version":[{"id":1597,"href":"https:\/\/cosechamundial.org\/agenda\/index.php\/wp-json\/wp\/v2\/pages\/65\/revisions\/1597"}],"wp:attachment":[{"href":"https:\/\/cosechamundial.org\/agenda\/index.php\/wp-json\/wp\/v2\/media?parent=65"}],"curies":[{"name":"wp","href":"https:\/\/api.w.org\/{rel}","templated":true}]}}